{"id":7723,"date":"2023-12-03T15:31:12","date_gmt":"2023-12-03T15:31:12","guid":{"rendered":"https:\/\/ravintolanepali.fi\/site\/?post_type=product&#038;p=7723"},"modified":"2024-11-24T21:27:33","modified_gmt":"2024-11-24T21:27:33","slug":"53-prawn-korma-custom_textlg-custom_text","status":"publish","type":"product","link":"https:\/\/ravintolanepali.fi\/site\/product\/53-prawn-korma-custom_textlg-custom_text\/","title":{"rendered":"53. PRAWN KORMA"},"content":{"rendered":"<p>j\u00e4ttikatkarapuja &amp; cashewp\u00e4hkin\u00e4\u00e4 sipuli-, tomaatti- ja kermakastikkeessa \/<br \/>\nKingprawn cashewnut in onion tomato cream sauce<\/p>\n","protected":false},"excerpt":{"rendered":"<p>j\u00e4ttikatkarapuja &amp; cashewp\u00e4hkin\u00e4\u00e4 sipuli-, tomaatti- ja kermakastikkeessa \/<br \/>\nKingprawn cashewnut in onion tomato cream sauce<\/p>\n","protected":false},"featured_media":7922,"comment_status":"closed","ping_status":"closed","template":"","meta":{"_acf_changed":false},"product_brand":[],"product_cat":[53],"product_tag":[],"class_list":{"0":"post-7723","1":"product","2":"type-product","3":"status-publish","4":"has-post-thumbnail","6":"product_cat-sea-food","8":"first","9":"instock","10":"sale","11":"virtual","12":"purchasable","13":"product-type-simple"},"acf":[],"_links":{"self":[{"href":"https:\/\/ravintolanepali.fi\/site\/wp-json\/wp\/v2\/product\/7723","targetHints":{"allow":["GET"]}}],"collection":[{"href":"https:\/\/ravintolanepali.fi\/site\/wp-json\/wp\/v2\/product"}],"about":[{"href":"https:\/\/ravintolanepali.fi\/site\/wp-json\/wp\/v2\/types\/product"}],"replies":[{"embeddable":true,"href":"https:\/\/ravintolanepali.fi\/site\/wp-json\/wp\/v2\/comments?post=7723"}],"wp:featuredmedia":[{"embeddable":true,"href":"https:\/\/ravintolanepali.fi\/site\/wp-json\/wp\/v2\/media\/7922"}],"wp:attachment":[{"href":"https:\/\/ravintolanepali.fi\/site\/wp-json\/wp\/v2\/media?parent=7723"}],"wp:term":[{"taxonomy":"product_brand","embeddable":true,"href":"https:\/\/ravintolanepali.fi\/site\/wp-json\/wp\/v2\/product_brand?post=7723"},{"taxonomy":"product_cat","embeddable":true,"href":"https:\/\/ravintolanepali.fi\/site\/wp-json\/wp\/v2\/product_cat?post=7723"},{"taxonomy":"product_tag","embeddable":true,"href":"https:\/\/ravintolanepali.fi\/site\/wp-json\/wp\/v2\/product_tag?post=7723"}],"curies":[{"name":"wp","href":"https:\/\/api.w.org\/{rel}","templated":true}]}}